{"id":112,"date":"2024-06-11T13:36:50","date_gmt":"2024-06-11T16:36:50","guid":{"rendered":"http:\/\/www.mamercedesmaclean.com.ar\/?page_id=112"},"modified":"2025-02-15T19:45:20","modified_gmt":"2025-02-15T22:45:20","slug":"epitafio-para-un-amigo","status":"publish","type":"page","link":"http:\/\/www.mamercedesmaclean.com.ar\/?page_id=112","title":{"rendered":"Epitafio para un amigo"},"content":{"rendered":"\r\n<p>Hab\u00eda una vez\u2026<\/p>\r\n\r\n\r\n\r\n<p>&#8230;tres reyes magos que se fueron de sus tierras llamados por la noticia que hab\u00eda nacido un ni\u00f1o Dios. Y llegaron a verlo un seis de enero, acostado en un pesebre en la ciudad de Bel\u00e9n. Uno de esos reyes se llamaba Gaspar, otro Melchor y el \u00faltimo Baltazar.<\/p>\r\n\r\n\r\n\r\n<p>Hab\u00eda una vez un perrito rey llamado Gaspar que parti\u00f3 hacia una estrella un seis de enero.<\/p>\r\n\r\n\r\n\r\n<p>Y se llev\u00f3 tanto de mi coraz\u00f3n que no pod\u00eda ni escribir. Y le dec\u00eda a un amigo que me diese tiempo porque necesitaba: \u00ab<em>escribir en mi alma el epitafio de mi amado Gaspy&#8230;\u00bb<br \/><\/em>Ese amigo, sin propon\u00e9rselo, con sus palabras empez\u00f3, me ayud\u00f3, me dio el comienzo de lo que yo quer\u00eda decir de mi Gaspy. Escribi\u00f3 esto:<em><br \/>\u00abInsp\u00edrate en la idea de que fue un perrito con suerte. De los millones de perros que existen y han existido, muchos tienen o tuvieron amos j\u00f3venes e irreflexivos, o caprichosos, o incluso algo crueles (de intenci\u00f3n o de hecho).<br \/>En cambio Gaspy tuvo un ama que lo quer\u00eda y que era en realidad una amiga.<br \/>Probablemente no pudo evitar -como ning\u00fan perro puede evitar- parecerse a<br \/>su due\u00f1a. Tambi\u00e9n desde esa perspectiva podemos decir que fue un perrito<br \/>m\u00e1s afortunado que muchos de sus cong\u00e9neres.<br \/>Si hay un cielo de los perritos, seguramente \u00e9l se ha ganado un lugar ah\u00ed :~) \u00ab<\/em><\/p>\r\n\r\n\r\n\r\n<p><em><br \/><\/em>Entonces, despu\u00e9s de estas palabras de <strong>Jdujan<\/strong> solo lament\u00e9 haberme olvidado de ponerle en su \u00faltima cucha, frente al r\u00edo y mirando el sol, donde lo dejamos con \u00c1lvaro, su osito panda. Pero como \u00e9l es muy vivo seguramente ya le habr\u00e1 quitado a alguien, como alguna vez lo hizo con Laura, un osito de peluche para jugar.<\/p>\r\n\r\n\r\n\r\n<p>Y alg\u00fan d\u00eda nos volveremos a vivir juntos para no separarnos.<\/p>\r\n\r\n\r\n\r\n<p>Es lo que m\u00e1s lamento de esta forma de vida. Las separaciones. Seguramente debe existir otra etapa, otra vida en que las separaciones no suceden nunca, se vive para siempre junto al que amamos&#8230;aunque esa etapa se llame Eternidad.<\/p>\r\n\r\n\r\n\r\n<p>Te amo, Gaspy. No te olvido y me cuesta mucho vivir sin ti. Pero aqu\u00ed est\u00e1 Celle-ci que tambi\u00e9n te busca por toda la casa y se ha pegado a m\u00ed para que sobrellevemos juntas tu ausencia. Ella est\u00e1 muy vieja y debo cuidarla. Siempre pens\u00e9 que tendr\u00eda que consolarte a ti y el destino hace que te vayas primero y que nos dejes a las dos, tristes y solas. Pero tanto ella como yo un d\u00eda estaremos otra vez contigo. Cu\u00eddate mucho y esp\u00e9ranos.<\/p>\r\n","protected":false},"excerpt":{"rendered":"<p>Hab\u00eda una vez\u2026 &#8230;tres reyes magos que se fueron de sus tierras llamados por la noticia que hab\u00eda nacido un ni\u00f1o Dios. Y llegaron a verlo un seis de enero, acostado en un pesebre en la ciudad de Bel\u00e9n. Uno de esos reyes se llamaba Gaspar, otro Melchor y el \u00faltimo Baltazar. Hab\u00eda una vez [&hellip;]<\/p>\n","protected":false},"author":1,"featured_media":0,"parent":0,"menu_order":0,"comment_status":"closed","ping_status":"closed","template":"","meta":{"footnotes":""},"class_list":["post-112","page","type-page","status-publish","hentry"],"_links":{"self":[{"href":"http:\/\/www.mamercedesmaclean.com.ar\/index.php?rest_route=\/wp\/v2\/pages\/112","targetHints":{"allow":["GET"]}}],"collection":[{"href":"http:\/\/www.mamercedesmaclean.com.ar\/index.php?rest_route=\/wp\/v2\/pages"}],"about":[{"href":"http:\/\/www.mamercedesmaclean.com.ar\/index.php?rest_route=\/wp\/v2\/types\/page"}],"author":[{"embeddable":true,"href":"http:\/\/www.mamercedesmaclean.com.ar\/index.php?rest_route=\/wp\/v2\/users\/1"}],"replies":[{"embeddable":true,"href":"http:\/\/www.mamercedesmaclean.com.ar\/index.php?rest_route=%2Fwp%2Fv2%2Fcomments&post=112"}],"version-history":[{"count":3,"href":"http:\/\/www.mamercedesmaclean.com.ar\/index.php?rest_route=\/wp\/v2\/pages\/112\/revisions"}],"predecessor-version":[{"id":147,"href":"http:\/\/www.mamercedesmaclean.com.ar\/index.php?rest_route=\/wp\/v2\/pages\/112\/revisions\/147"}],"wp:attachment":[{"href":"http:\/\/www.mamercedesmaclean.com.ar\/index.php?rest_route=%2Fwp%2Fv2%2Fmedia&parent=112"}],"curies":[{"name":"wp","href":"https:\/\/api.w.org\/{rel}","templated":true}]}}

<p>Había una vez…</p>



<p>&#8230;tres reyes magos que se fueron de sus tierras llamados por la noticia que había nacido un niño Dios. Y llegaron a verlo un seis de enero, acostado en un pesebre en la ciudad de Belén. Uno de esos reyes se llamaba Gaspar, otro Melchor y el último Baltazar.</p>



<p>Había una vez un perrito rey llamado Gaspar que partió hacia una estrella un seis de enero.</p>



<p>Y se llevó tanto de mi corazón que no podía ni escribir. Y le decía a un amigo que me diese tiempo porque necesitaba: «<em>escribir en mi alma el epitafio de mi amado Gaspy&#8230;»<br /></em>Ese amigo, sin proponérselo, con sus palabras empezó, me ayudó, me dio el comienzo de lo que yo quería decir de mi Gaspy. Escribió esto:<em><br />«Inspírate en la idea de que fue un perrito con suerte. De los millones de perros que existen y han existido, muchos tienen o tuvieron amos jóvenes e irreflexivos, o caprichosos, o incluso algo crueles (de intención o de hecho).<br />En cambio Gaspy tuvo un ama que lo quería y que era en realidad una amiga.<br />Probablemente no pudo evitar -como ningún perro puede evitar- parecerse a<br />su dueña. También desde esa perspectiva podemos decir que fue un perrito<br />más afortunado que muchos de sus congéneres.<br />Si hay un cielo de los perritos, seguramente él se ha ganado un lugar ahí :~) «</em></p>



<p><em><br /></em>Entonces, después de estas palabras de <strong>Jdujan</strong> solo lamenté haberme olvidado de ponerle en su última cucha, frente al río y mirando el sol, donde lo dejamos con Álvaro, su osito panda. Pero como él es muy vivo seguramente ya le habrá quitado a alguien, como alguna vez lo hizo con Laura, un osito de peluche para jugar.</p>



<p>Y algún día nos volveremos a vivir juntos para no separarnos.</p>



<p>Es lo que más lamento de esta forma de vida. Las separaciones. Seguramente debe existir otra etapa, otra vida en que las separaciones no suceden nunca, se vive para siempre junto al que amamos&#8230;aunque esa etapa se llame Eternidad.</p>



<p>Te amo, Gaspy. No te olvido y me cuesta mucho vivir sin ti. Pero aquí está Celle-ci que también te busca por toda la casa y se ha pegado a mí para que sobrellevemos juntas tu ausencia. Ella está muy vieja y debo cuidarla. Siempre pensé que tendría que consolarte a ti y el destino hace que te vayas primero y que nos dejes a las dos, tristes y solas. Pero tanto ella como yo un día estaremos otra vez contigo. Cuídate mucho y espéranos.</p>

<p>Había una vez… &#8230;tres reyes magos que se fueron de sus tierras llamados por la noticia que había nacido un niño Dios. Y llegaron a verlo un seis de enero, acostado en un pesebre en la ciudad de Belén. Uno de esos reyes se llamaba Gaspar, otro Melchor y el último Baltazar. Había una vez [&hellip;]</p>
